9207927
List the prime factors of 59768904.
2, 3, 13, 23, 8329
What are the prime factors of 189973671?
3, 47, 1347331
List the prime factors of 121263883.
13, 547, 17053
List the prime factors of 249538317.
3, 7, 59, 201403
What are the prime factors of 4463683267?
53, 211, 399149
List the prime factors of 15290737.
7, 11, 349, 569
What are the prime factors of 126535132?
2, 31633783
What are the prime factors of 76280892?
2, 3, 6356741
What are the prime factors of 50998054?
2, 25499027
List the prime factors of 5838145.
5, 113, 10333
What are the prime factors of 5416673461?
3169, 1709269
What are the prime factors of 8324237714?
2, 13, 17, 18833117
List the prime factors of 2633570593.
8537, 308489
What are the prime factors of 267656879?
7, 1031, 37087
What are the prime factors of 280640732?
2, 1637, 42859
What are the prime factors of 13583292?
2, 3, 37, 30593
List the prime factors of 6460991665.
5, 8011, 161303
List the prime factors of 2321007741.
3, 13, 109, 181997
List the prime factors of 4408155638.
2, 2791, 789709
What are the prime factors of 113576216?
2, 13, 179, 6101
What are the prime factors of 71212548?
2, 3, 11, 199, 2711
What are the prime factors of 2174950306?
2, 9839, 110527
List the prime factors of 70587471.
3, 919, 25603
What are the prime factors of 36408427?
11, 19, 29, 6007
List the prime factors of 378627733.
11, 34420703
What are the prime factors of 1045844990?
2, 5, 104584499
What are the prime factors of 278251622?
2, 11, 61, 207341
List the prime factors of 198651109.
41, 79, 61331
What are the prime factors of 2845920919?
2845920919
What are the prime factors of 4989841456?
2, 53, 59, 99733
List the prime factors of 370116625.
5, 1213, 2441
What are the prime factors of 36401326?
2, 13, 1400051
What are the prime factors of 4750655218?
2, 127, 2269, 8243
List the prime factors of 994671158.
2, 13, 38256583
What are the prime factors of 37850702?
2, 18925351
What are the prime factors of 2854160510?
2, 5, 9941, 28711
List the prime factors of 1186468118.
2, 11, 53930369
What are the prime factors of 16289673?
3, 5429891
List the prime factors of 1948519.
1948519
What are the prime factors of 1697648034?
2, 3, 709, 399071
What are the prime factors of 62959152?
2, 3, 83, 15803
What are the prime factors of 16649020?
2, 5, 832451
What are the prime factors of 5846350873?
11, 263, 2020861
List the prime factors of 489294846.
2, 3, 577, 47111
List the prime factors of 585772481.
7, 83681783
List the prime factors of 1097249366.
2, 548624683
List the prime factors of 44772480.
2, 3, 5, 2591
What are the prime factors of 39212463?
3, 13070821
List the prime factors of 14353998.
2, 3, 2392333
What are the prime factors of 2850980050?
2, 5, 47, 1213183
What are the prime factors of 206052503?
1433, 143791
What are the prime factors of 1772466892?
2, 7, 29, 2182841
What are the prime factors of 36800403?
3, 107, 114643
List the prime factors of 24202605.
3, 5, 7, 230501
List the prime factors of 25038213.
3, 241, 34631
List the prime factors of 3832437610.
2, 5, 3739, 102499
List the prime factors of 1692289177.
1692289177
List the prime factors of 40382563.
13, 3106351
List the prime factors of 1130735397.
3, 11, 2069, 16561
List the prime factors of 3078289.
37, 271, 307
What are the prime factors of 5994179673?
3, 2971, 672521
List the prime factors of 173457500.
2, 5, 69383
List the prime factors of 305363384.
2, 17, 2245319
List the prime factors of 253074686.
2, 126537343
List the prime factors of 819486730.
2, 5, 37, 101, 21929
What are the prime factors of 318833963?
7, 17, 2679277
List the prime factors of 464126344.
2, 11, 5274163
List the prime factors of 1013875138.
2, 17, 29819857
What are the prime factors of 222523574?
2, 7, 13, 17, 23, 53, 59
What are the prime factors of 152318199?
3, 11, 4615703
What are the prime factors of 407791753?
407791753
List the prime factors of 149270410.
2, 5, 3631, 4111
What are the prime factors of 701894959?
443, 1584413
What are the prime factors of 2206672809?
3, 11, 66868873
What are the prime factors of 670421815?
5, 7, 43, 445463
What are the prime factors of 87335243?
87335243
List the prime factors of 513372916.
2, 7, 47, 390101
List the prime factors of 97436333.
17, 5731549
List the prime factors of 81311776.
2, 7, 13, 3989
What are the prime factors of 6470980902?
2, 3, 73, 4924643
What are the prime factors of 220929363?
3, 709, 3847
What are the prime factors of 83867081?
83867081
List the prime factors of 5476099967.
13, 1951, 215909
List the prime factors of 50729820.
2, 3, 5, 659, 1283
What are the prime factors of 247824090?
2, 3, 5, 41, 61, 367
List the prime factors of 336538674.
2, 3, 18696593
List the prime factors of 66121352.
2, 11, 751379
List the prime factors of 61200556.
2, 29, 527591
What are the prime factors of 756745694?
2, 83, 97, 46997
What are the prime factors of 4090453364?
2, 29, 2269, 15541
List the prime factors of 4518499093.
157, 28780249
What are the prime factors of 14878229?
14878229
List the prime factors of 710650566.
2, 3, 139, 439, 647
List the prime factors of 127454707.
23, 293, 18913
List the prime factors of 618395249.
2917, 211997
What are the prime factors of 136956240?
2, 3, 5, 37, 53, 97
List the prime factors of 957440317.
1741, 549937
List the prime factors of 270870179.
29, 107, 87293
What are the prime factors of 17325535?
5, 3465107
List the prime factors of 4183447145.
5, 53, 15786593
What are the prime factors of 1987623570?
2, 3, 5, 151, 438769
What are the prime factors of 106590606?
2, 3, 191, 281, 331
List the prime factors of 248130444.
2, 3, 20677537
List the prime factors of 260618449.
7, 13, 17, 12959
What are the prime factors of 2406224?
2, 101, 1489
What are the prime factors of 370777801?
41, 9043361
What are the prime factors of 69936693?
3, 41, 541, 1051
List the prime factors of 40520768.
2, 19, 47, 709
List the prime factors of 20529948.
2, 3, 17, 157, 641
List the prime factors of 2486086382.
2, 13, 95618707
List the prime factors of 80854093.
80854093
List the prime factors of 89455669.
71, 1259939
What are the prime factors of 33797335?
5, 11, 13, 47269
What are the prime factors of 140566649?
101, 107, 13007
List the prime factors of 164276783.
11, 1361, 10973
List the prime factors of 1704890705.
5, 7, 79, 616597
List the prime factors of 70731506.
2, 35365753
What are the prime factors of 46185228?
2, 3, 142547
List the prime factors of 9004244230.
2, 5, 900424423
List the prime factors of 126095408.
2, 37, 212999
List the prime factors of 754895306.
2, 11, 857, 40039
List the prime factors of 688758317.
13, 4075493
What are the prime factors of 1498772645?
5, 293, 911, 1123
What are the prime factors of 334205473?
7, 41, 1164479
List the prime factors of 3508334227.
3508334227
What are the prime factors of 3021005293?
3571, 845983
List the prime factors of 53549108.
2, 59, 226903
List the prime factors of 1251446546.
2, 7, 89389039
What are the prime factors of 969276945?
3, 5, 7, 13, 179, 3967
What are the prime factors of 19752890?
2, 5, 31, 63719
List the prime factors of 261317727.
3, 11, 17, 155269
What are the prime factors of 886385456?
2, 11, 5036281
List the prime factors of 189182574.
2, 3, 7, 500483
List the prime factors of 106073407.
11, 47, 205171
What are the prime factors of 1618970042?
2, 809485021
List the prime factors of 58089372.
2, 3, 11, 157, 2803
List the prime factors of 38069962.
2, 7, 479, 811
What are the prime factors of 3615437330?
2, 5, 263, 1374691
What are the prime factors of 61531947?
3, 2278961
What are the prime factors of 1133275786?
2, 19, 53, 562699
What are the prime factors of 2874731868?
2, 3, 127, 241, 2609
List the prime factors of 578139520.
2, 5, 7, 129049
What are the prime factors of 273719609?
157, 1743437
List the prime factors of 224663203.
29, 1153, 6719
List the prime factors of 123662032.
2, 13, 19, 29, 83
List the prime factors of 983723706.
2, 3, 7, 547, 2039
What are the prime factors of 297056826?
2, 3, 11, 47, 137, 233
What are the prime factors of 244476115?
5, 13, 3761171
List the prime factors of 412943091.
3, 11, 313, 39979
What are the prime factors of 190582126?
2, 7, 829, 16421
List the prime factors of 41499176